 = -3*l. Calculate the highest common factor of l and 45.
9
Let v(n) = -2*n**3 + 2*n**2 - 7*n - 17. Let i be v(-3). What is the greatest common divisor of 114 and i?
38
Let i be (-432)/(-792) + 16/11. Let n be 2/(-7) - 16/(-7). Calculate the greatest common factor of n and i.
2
Let z be ((-3)/(-4))/(2/56). Suppose 0 = 26*x - 25*x - 4*m - 39, -2*m + 264 = 4*x. Calculate the highest common divisor of z and x.
21
Let z = 4 - -9. Let l be -2*(1 + (-1 - 4)). Suppose 104 = l*a - 4*a. What is the greatest common factor of a and z?
13
Suppose -18 - 4 = 3*v + h, 3*v = -5*h - 14. Let c = 38 + v. Calculate the greatest common factor of c and 15.
15
Let h(r) be the second derivative of -7*r**3/3 + 3*r**2 + 41*r. Let g be h(-3). Calculate the highest common divisor of g and 12.
12
Suppose 8*b + 22*b - 11130 = 0. Calculate the highest common divisor of 265 and b.
53
Let h(i) = 41*i - 18. Let a be h(2). Calculate the highest common divisor of a and 160.
32
Suppose -6832 = 21*w - 35*w. What is the highest common divisor of 61 and w?
61
Let g(y) = -41*y**3 + 11*y**2 + 7*y - 3. Let l be g(-1). Let i = 1 + 5. What is the highest common divisor of i and l?
6
Suppose -1540 = -3*c - 2*c - 4*o, -3*c + 3*o + 924 = 0. What is the greatest common factor of 132 and c?
44
Let f = 57 - 54. Suppose f*c - 4*c + 32 = 0. Calculate the greatest common factor of 16 and c.
16
Let c be 378/49 - 8 - 22*(-9)/7. Let v(r) = 5*r - 1. Let y be v(3). Calculate the highest common divisor of y and c.
14
Let d(i) = -260*i + 13. Let k be d(-8). What is the highest common factor of 91 and k?
91
Suppose 38*f = 3168 - 1078. What is the highest common divisor of 935 and f?
55
Let y be 7 - (-9)/18*286. What is the highest common factor of 275 and y?
25
Suppose -7*z + 4*z - 24 = 0. Let h = -9 - z. Let n(t) = 37*t**2 - 1. Let a be n(h). Calculate the greatest common divisor of a and 4.
4
Let c(q) = 60*q**3 - 2*q**2 + 3*q - 1. Let v be c(1). Let l be 100/v - (-2)/(-3). Calculate the greatest common divisor of 11 and l.
1
Suppose -26039 = -22*x - 6239. What is the greatest common factor of x and 100?
100
Let a(s) = -5*s - 7. Let b be a(-2). Let r be b/(-12) - (-427)/28. What is the greatest common divisor of r and 105?
15
Let p = 87 - 86. Let t be (49/4 + 6/(-24))*p. What is the greatest common factor of 192 and t?
12
Let n be (0 - 8/18*3)*21. Let p = 96 + n. Calculate the greatest common factor of p and 170.
34
Let y(z) = 10*z - 68. Suppose 38 = 3*h - o, 4*o - 5*o + 28 = 3*h. Let m be y(h). Calculate the highest common factor of 21 and m.
21
Let q be 1*(49 + -1 - 0). Calculate the greatest common divisor of 3 and q.
3
Suppose 2*z = -3*r + 21 + 25, 0 = 4*r + 2*z - 58. Calculate the highest common factor of r and 32.
4
Suppose 4*w + 2*b - 1820 - 1100 = 0, w + 5*b - 739 = 0. Calculate the highest common divisor of 9 and w.
9
Let c(v) be the second derivative of v**3/2 + 3*v**2 + 12*v. Let j be c(12). What is the highest common divisor of j and 6?
6
Suppose -205 = -7*g + 103. Let p be 2/7 - (-608)/28. What is the greatest common divisor of g and p?
22
Suppose 3*w - 2 = -4*d, 0*w = -w + 3*d + 18. Suppose 2 = -4*x + w. What is the highest common divisor of 14 and x?
1
Let k be (-3)/((-24)/4)*-102. Let q = k - -93. Suppose 84 = 8*j - 4*j. Calculate the highest common factor of q and j.
21
Let n = -38 + 54. Let y(m) = -m**3 + 4*m**2 - 4*m - 7. Let o be y(3). Let d be o/4*(-2816)/110. What is the greatest common factor of n and d?
16
Let w(l) = l**2 + 11*l + 79. Let s be w(-16). Calculate the greatest common divisor of 3 and s.
3
Let k(l) be the first derivative of l**3/3 + 3*l**2 + 3*l - 3. Let o be k(-6). Suppose 45 = 6*z - o. What is the greatest common factor of z and 20?
4
Let d = -2050 + 2155. What is the highest common factor of d and 1995?
105
Let h(v) = 3*v**2 - 42*v - 33. Let w be h(15). What is the greatest common divisor of 228 and w?
12
Let h(g) be the third derivative of 5*g**4/8 - 13*g**3/2 - 12*g**2. Let q be h(9). Calculate the greatest common divisor of 12 and q.
12
Let r be ((-4)/(-7))/(1/7). Let f = -31 + 43. Calculate the highest common divisor of r and f.
4
Suppose 5*f = 5*u + 5, 3*f + u - 8 - 7 = 0. Suppose 0 = l + 4*y - 62, -f*l + 3*l + 50 = -2*y. What is the greatest common factor of 72 and l?
18
Let y be (-12)/(-3) - 146/(-2). Suppose 0 = -3*a + 283 + y. Calculate the highest common divisor of 30 and a.
30
Let q = -11 + 6. Suppose 3*t - d - 24 = 2*d, 4*d = 3*t - 21. Let n = t - q. What is the greatest common divisor of 64 and n?
16
Let j be -12 - (-2 - 7) - -49. Suppose q - 974 = -2*q - 2*v, 4*v - 16 = 0. Calculate the highest common divisor of j and q.
46
Let g(w) = -w**3 + 7*w**2 - 3*w - 5. Let o be g(6). Let h = 287 + -146. Suppose -15 = -4*a + h. What is the highest common factor of o and a?
13
Let o be (-6)/(-4)*(4 - (-32)/3). Calculate the greatest common factor of o and 121.
11
Suppose 56 = 9*z - 7*z + 3*q, -130 = -5*z - 5*q. What is the highest common divisor of 792 and z?
22
Suppose 4 = w + 2. Let c(x) = 3*x - 4 + 25 - w*x - 3. Let v be c(0). What is the highest common factor of v and 2?
2
Let a be (-30)/(-8)*(-88)/(-33). Let c = a - 7. Suppose -56 - 52 = -c*j. Calculate the highest common factor of 54 and j.
18
Suppose 5*f = 4*u + 135, -4*u + 108 = 2*f + 2*f. Suppose -2*a - f = -107. Calculate the greatest common divisor of 10 and a.
10
Suppose 2*r - 824 = 4*p, 2*p + 432 = r + 5*p. Calculate the highest common divisor of r and 84.
84
Let a(q) = 231*q - 166. Let g be a(2). Calculate the highest common divisor of 111 and g.
37
Suppose -4*m + 615 = 3*q, 6*q = 9*q - 15. What is the greatest common factor of 20 and m?
10
Let q(x) = x. Let w be q(2). Suppose 0 = -v + w*v - 20. Let j(n) = -n**3 - 2*n**2 + 3*n - 10. Let s be j(-4). What is the highest common divisor of v and s?
10
Let q = 61 - -283. Suppose 520 + q = 6*z. What is the greatest common factor of 18 and z?
18
Let t be (-486)/(-30) + (-1)/5. Suppose 3*f = -5*v + 145, -4*f = f - 4*v - 180. What is the greatest common factor of f and t?
8
Suppose -7*i + 50 = -2*i. Let m be 2/(-4)*(i - 9)*-18. Calculate the highest common factor of 6 and m.
3
Suppose 2*q - 207 = -165. Let t = 16 + -9. Calculate the greatest common divisor of q and t.
7
Suppose 32 = 4*i - 28. Let d(n) = 5*n - 2. Let a be d(-4). Let m be 626/6 + a/(-33). Calculate the greatest common factor of i and m.
15
Suppose f + 39 = 4*q + 105, 2*q - 330 = -5*f. Let g = 3432 + -2706. Calculate the highest common factor of f and g.
66
Let q be (-4)/(-22) + 388/44. Let v be -2 - q/((-45)/40). What is the greatest common divisor of v and 6?
6
Suppose 0 = -f + 2*a + 16, a + 15 = f - 2. Suppose 2*q = 2, 2*q + 1 + 39 = 3*c. Suppose c*j + 192 = f*j. What is the highest common factor of 24 and j?
24
Let c be (12 + -15)/(1 - 7/4). What is the greatest common factor of 92 and c?
4
Let u(k) = -k**3 - k**2 - 7*k - 4. Let c be u(-3). What is the greatest common divisor of 28 and c?
7
Suppose 3*m = 4*m + 2, 4*q + 2*m = 16. Suppose 141 = -2*i + 7*i + 2*t, -q*i = t - 143. What is the greatest common divisor of 116 and i?
29
Let m(f) = -f**3 - 10*f**2 - 2*f - 13. Let s be 3*(-50)/(-45)*-3. Let q be m(s). Calculate the greatest common factor of q and 28.
7
Suppose -4*l - 64 = -16. Let h be -2 + (-13)/(-6) + (-430)/l. What is the greatest common divisor of h and 9?
9
Suppose -9 = 2*f + 3. Let d be 10*(15/f)/(-5). What is the greatest common divisor of d and 10?
5
Let w be (-1 - -4) + 3936/41. What is the highest common divisor of 11 and w?
11
Let u be (0 - 0) + 0 + 21. Let q(a) be the second derivative of 5*a**3/3 - 47*a**2/2 + 19*a. Let t be q(5). What is the highest common divisor of u and t?
3
Let t = 19 - 33. Let w = t + 24. What is the greatest common factor of w and 50?
10
Suppose 5*u - 204 = -7*u. What is the highest common divisor of u and 527?
17
Let s be 12 - (-1 + (-3 - -1) - -3). Suppose -l + 1 = 0, l - 191 = -2*b + 2*l. What is the highest common divisor of b and s?
12
Suppose -d + 33*d = 31 + 1121. Let z(o) be the second derivative of 3*o**5/20 + o**4/12 - o. Let f be z(1). What is the highest common divisor of d and f?
4
Suppose 6*p - 17 = 79. What is the highest common divisor of 208 and p?
16
Let n(x) = 2*x + 98. Let l be n(41). What is the highest common factor of